
True
Does 20 divide 143836?
False
Does 968 divide 8643004?
False
Does 324 divide 2695356?
True
Is 75 a multiple of 12?
False
Is 9 a factor of 131589?
True
Is 2530623 a multiple of 389?
False
Does 440 divide 3969572?
False
Is 1139 a factor of 8060703?
True
Is 16 a factor of 289969?
False
Is 1894 a factor of 15748093?
False
Does 6 divide 12078?
True
Is 26 a factor of 17991062?
False
Does 500 divide 2436446?
False
Is 173 a factor of 163139?
True
Is 2 a factor of 109167?
False
Is 285617 a multiple of 13?
False
Is 4343434 a multiple of 286?
False
Is 55 a factor of 1576562?
False
Is 12 a factor of 1642098?
False
Does 27 divide 551300?
False
Is 7 a factor of 112175?
True
Does 63 divide 507387?
False
Is 1471658 a multiple of 87?
False
Is 5 a factor of 751875?
True
Does 10 divide 3474?
False
Does 5 divide 1997?
False
Is 59472 a multiple of 252?
True
Does 13 divide 382044?
True
Does 47 divide 1559413?
True
Is 11 a factor of 3445329?
False
Is 18 a factor of 1874539?
False
Is 1255649 a multiple of 81?
False
Does 73 divide 523118?
True
Does 18 divide 16552?
False
Is 18 a factor of 149949?
False
Does 45 divide 42602?
False
Is 17 a factor of 43900?
False
Is 3092427 a multiple of 990?
False
Is 28 a factor of 394856?
True
Does 36 divide 156729?
False
Is 311 a multiple of 2?
False
Is 45 a factor of 655757?
False
Is 43968 a multiple of 6?
True
Does 22 divide 106418?
False
Is 256 a factor of 54305?
False
Is 77 a factor of 71188?
False
Is 23 a factor of 771017?
False
Is 10 a factor of 78860?
True
Does 878 divide 2430651?
False
Is 303770 a multiple of 185?
True
Is 25 a factor of 106875?
True
Is 4 a factor of 3391799?
False
Is 53274 a multiple of 7?
False
Does 17 divide 177952?
False
Does 432 divide 593434?
False
Is 93 a factor of 336191?
False
Is 18297900 a multiple of 45?
True
Is 412566 a multiple of 209?
True
Is 128469 a multiple of 33?
True
Is 4 a factor of 251564?
True
Is 202 a factor of 107666?
True
Is 509 a factor of 232613?
True
Is 2493302 a multiple of 14?
True
Is 18412938 a multiple of 18?
True
Does 50 divide 480450?
True
Is 1078 a factor of 2146026?
False
Is 19 a factor of 1109011?
True
Does 51 divide 480879?
True
Does 806 divide 2263248?
True
Does 56 divide 87472?
True
Is 540 a factor of 2715737?
False
Is 20 a factor of 7400760?
True
Does 37 divide 1476395?
False
Does 545 divide 39895?
False
Does 10 divide 293794?
False
Is 56 a factor of 460465?
False
Does 3 divide 3057?
True
Is 973284 a multiple of 156?
True
Does 11 divide 553608?
True
Is 6904613 a multiple of 113?
False
Does 74 divide 5293857?
False
Is 262 a factor of 6253940?
True
Is 7 a factor of 211567?
False
Does 11 divide 1389705?
False
Is 2 a factor of 712219?
False
Is 18 a factor of 96714?
True
Is 135308 a multiple of 27?
False
Is 249 a factor of 1561800?
False
Does 320 divide 438400?
True
Does 3 divide 13536?
True
Does 508 divide 3791588?
False
Is 20 a factor of 3195092?
False
Is 640224 a multiple of 304?
True
Is 94 a factor of 158672?
True
Is 65912 a multiple of 8?
True
Is 4 a factor of 10880?
True
Is 242544 a multiple of 124?
True
Is 7 a factor of 641428?
False
Is 780129 a multiple of 49?
True
Does 182 divide 111930?
True
Does 13 divide 11533?
False
Is 551320 a multiple of 44?
True
Does 22 divide 2018319?
False
Is 3 a factor of 161934?
True
Is 154 a factor of 1075228?
True
Is 12 a factor of 193498?
False
Is 109 a factor of 103550?
True
Is 9 a factor of 44494?
False
Is 44464 a multiple of 6?
False
Does 1293 divide 5479734?
True
Is 16804878 a multiple of 56?
False
Is 2759475 a multiple of 25?
True
Is 420797 a multiple of 404?
False
Is 1739710 a multiple of 82?
False
Does 185 divide 157427?
False
Is 5 a factor of 8211705?
True
Is 57164 a multiple of 23?
False
Is 13 a factor of 13396?
False
Is 123 a factor of 2001579?
True
Is 343906 a multiple of 103?
False
Is 4422426 a multiple of 106?
True
Does 349 divide 1466431?
False
Does 223 divide 12568949?
True
Is 8 a factor of 8843382?
False
Does 2429 divide 15817648?
True
Is 42586 a multiple of 398?
True
Does 70 divide 677320?
True
Is 83 a factor of 133503?
False
Does 1038 divide 5109819?
False
Is 417 a factor of 2783124?
False
Is 55 a factor of 17270?
True
Is 4 a factor of 127921?
False
Is 113 a factor of 117633?
True
Is 498 a factor of 20298480?
True
Is 2308920 a multiple of 40?
True
Is 4 a factor of 17708?
True
Is 432 a factor of 34745909?
False
Does 234 divide 32066?
False
Is 2 a factor of 1367?
False
Is 548857 a multiple of 442?
False
Does 81 divide 11308?
False
Does 33 divide 3072927?
True
Does 22 divide 126475?
False
Is 2 a factor of 22645?
False
Is 118827 a multiple of 7?
False
Is 19 a factor of 1022827?
True
Does 14 divide 3088527?
False
Is 7 a factor of 92578?
False
Does 7 divide 145009?
False
Is 129 a factor of 16641?
True
Does 6 divide 29154?
True
Is 478890 a multiple of 18?
True
Does 289 divide 17247231?
True
Is 2983021 a multiple of 250?
False
Is 11670931 a multiple of 17?
False
Is 77254 a multiple of 177?
False
Is 52 a factor of 211276?
True
Does 118 divide 1043474?
True
Does 50 divide 631868?
False
Is 180 a factor of 141120?
True
Is 638460 a multiple of 30?
True
Does 8 divide 6130?
False
Is 240975 a multiple of 255?
True
Is 10719 a multiple of 10?
False
Is 328 a factor of 7010949?
False
Is 2525235 a multiple of 1185?
True
Does 17 divide 311831?
True
Is 68 a factor of 233843?
False
Does 442 divide 2988362?
True
Does 25 divide 9189924?
False
Is 46 a factor of 370888?
False
Is 4327220 a multiple of 409?
True
Is 293914 a multiple of 8?
False
Does 42 divide 37139?
False
Is 10 a factor of 325141?
False
Is 75 a factor of 7050?
True
Is 595 a factor of 1032325?
True
Is 863 a factor of 2391220?
False
Is 16 a factor of 24416?
True
Does 10 divide 2420810?
True
Does 545 divide 239345?
False
Is 101647 a multiple of 7?
True
Is 60774 a multiple of 21?
True
Is 509 a factor of 1775392?
True
Is 3701553 a multiple of 42?
False
Does 10 divide 2597250?
True
Is 209 a factor of 558712?
False
Is 211 a factor of 144956?
False
Does 489 divide 3071137?
False
Is 87 a factor of 1146945?
False
Does 8 divide 46201?
False
Does 115 divide 13295725?
True
Does 8 divide 285856?
True
Does 73 divide 2186944?
False
Does 19 divide 195871?
True
Does 33 divide 17325?
True
Is 856662 a multiple of 17?
False
Does 754 divide 1867489?
False
Is 711887 a multiple of 458?
False
Is 226 a factor of 47460?
True
Does 68 divide 7520688?
False
Is 6998884 a multiple of 199?
False
Does 12 divide 27028824?
True
Does 16 divide 17664060?
False
Does 25 divide 21725?
True
Does 41 divide 722625?
True
Is 231076 a multiple of 5?
False
Is 13 a factor of 732520?
False
Does 20 divide 23820?
True
Is 111 a factor of 1772774?
False
Does 48 divide 1256265?
False
Is 3239005 a multiple of 235?
True
Is 554838 a multiple of 8?
False
Is 93 a factor of 531960?
True
Is 3274523 a multiple of 13?
False
Does 179 divide 176315?
True
Is 19 a factor of 313814?
False
Does 65 divide 8351?
False
Is 314 a factor of 1382361?
False
Is 2400427 a multiple of 41?
True
Does 18 divide 10467099?
False
Is 52 a factor of 54529?
False
Is 195940 a multiple of 404?
True
Is 14 a factor of 93705?
False
Is 214578 a multiple of 262?
True
Is 101108 a multiple of 7?
True
Does 98 divide 254604?
True
Is 18 a factor of 14721?
False
Is 21 a factor of 1080702?
True
Is 565848 a multiple of 36?
True
Is 20 a factor of 478723?
False
Is 497915 a multiple of 14?
False
Is 970200 a multiple of 180?
True
Does 87 divide 109215?
False
Does 6 divide 238074?
True
Does 30 divide 2218554?
False
Does 90 divide 790505?
False
Is 101 a factor of 32284?
False
Is 56017 a multiple of 23?
False
Is 849125 a multiple of 140?
False
Does 75 divide 396937?
False
Does 434 divide 592633?
False
Is 23774979 a multiple of 187?
False
Is 557 a factor of 3163778?
False
Is 104538 a multiple of 19?
True
Is 15 a factor of 1567125?
True
Does 7 divide 110086?
False
Does 39 divide 90714?
True
Is 10 a factor of 2797910?
True
Is 134 a factor of 178566?
False
Is 338 a factor of 3689993?
False
Is 1735 a factor of 9843568?
False
Does 76 divide 6460620?
False
Is 33370 a multiple of 94?
True
Does 210 divide 12843096?
False
Is 403124 a multiple of 27?
False
Is 1233377 a multiple of 109?
False
Is 121 a factor of 817718?
True
Is 187416 a multiple of 72?
True
Does 103 divide 43206?
False
Is 38218